 greatest common factor of v and o.
16
Suppose -3*q = -4*p + 3384, -3*p - 341 + 2905 = q. Calculate the greatest common divisor of 4899 and p.
213
Let n be (-405)/45 + (42 - 0). Suppose -3*q = -3*h + n, -2*h + 10*q - 5*q = -19. Calculate the greatest common divisor of 48 and h.
12
Let s = -12795 + 13080. What is the highest common factor of s and 915?
15
Suppose 112*m - 933 - 417 = 102*m. What is the highest common factor of 54 and m?
27
Suppose 26 = 3*q - 4*g, q + 18 = -4*g - 0*g. Suppose 4*h - 7*h + 228 = 4*i, q*h - 2*i = 166. Calculate the highest common divisor of 5 and h.
5
Let h(i) = -5*i**2 + 45*i - 85. Let q be h(6). What is the highest common divisor of q and 71?
1
Let x be 10/5 - 61*3/(-3). Suppose j + 4*z - x = 0, -3*z = -2*j - z + 96. What is the greatest common divisor of j and 119?
17
Let x(h) = -5*h**3 - 45*h**2 - 41*h + 309. Let w be x(-19). Calculate the highest common divisor of 28 and w.
14
Let u be (12225 + 8)/13 - (-3 - 1*-4). Calculate the greatest common factor of 160 and u.
20
Suppose 0*t + 3*t - 1026 = 0. Suppose l + l - 4*g - 80 = 0, -5*l + 191 = -g. What is the highest common factor of t and l?
38
Suppose -15 = 4*g - 9*g. Suppose r + 23 = 28. Suppose 2*d - i - r = 0, 0 = -3*d + d - g*i + 1. Calculate the greatest common factor of 18 and d.
2
Let l be ((-742)/(-265))/(2/905). What is the greatest common divisor of 362 and l?
181
Let g(s) = 153*s**2 - 61*s - 62. Let m be g(-1). Calculate the greatest common factor of m and 7144.
152
Suppose 2*t = -4*b - 0*t + 2074, 2*t - 1557 = -3*b. Suppose 0 = 87*o - 84*o + 3*g - 255, 5*g = -o + 49. Calculate the highest common factor of o and b.
47
Let q = -1771 + 2453. Calculate the greatest common factor of q and 110.
22
Let m = 111 - 121. Let d(u) = u**3 + 11*u**2 + 9*u - 9. Let z be d(m). Let b be 120/(((-36)/8)/(-3*z)). Calculate the greatest common factor of b and 16.
16
Suppose 0 = -2*m + 15 - 7, 0 = -s - 5*m + 2302. What is the greatest common divisor of 14 and s?
14
Let d(x) = -2*x**3 + 40*x**2 + x - 18. Let g be d(20). Suppose 3*i = g*y - 5*y + 21, -3*y = 0. What is the highest common factor of 140 and i?
7
Let r(k) = 15*k - 65. Let s be r(5). Suppose 74 = w + s*d - 8*d, d = -3*w + 217. What is the greatest common factor of w and 156?
12
Let p(z) = 24*z**2 + 61*z - 569. Let r be p(23). What is the highest common factor of 15 and r?
15
Let m = 26 + -35. Let z = 24 + m. Suppose -3*w - 7 = 2*p - 20, -3*p + z = 3*w. Calculate the highest common factor of w and 3.
3
Suppose 0*n = 2*n + 412. Let i = n + 256. What is the greatest common divisor of 10 and i?
10
Suppose -12*h + 5864 + 8415 - 2099 = 0. Calculate the highest common factor of h and 928.
29
Suppose -4*k - 3*s = -1049, 0*s - 15 = -5*s. Let f(u) = 9*u + 56. Let l be f(-4). What is the greatest common factor of k and l?
20
Let p be 50/20*(-56)/(-5). Let m = p + 0. Let c be 56/(4*(-3)/(-18)). Calculate the greatest common divisor of c and m.
28
Let a be -270 - -283 - 19*-419. Calculate the greatest common divisor of a and 198.
18
Let a(o) = 380*o**3 - 2*o**2 - 10*o - 8. Let w be a(-1). Let d = w + 974. What is the highest common factor of 36 and d?
18
Let p = 2 + 8. Let f = 391 - 390. Suppose -12*z + f = -119. What is the greatest common factor of p and z?
10
Let q = 525 + -521. Suppose -3*y = f - 978, 12*f + 1306 = q*y + 14*f. What is the greatest common factor of y and 50?
25
Suppose -j + 4*t - t = -143, t = -2. Let q = 145 - j. Suppose q*r - 12*r = -420. Calculate the highest common factor of r and 15.
15
Suppose -28*d + 115 = -33*d - 5*o, 2*o + 82 = -4*d. Let p be 17/(357/(-56))*d/8. Let z be 2*27*(3 - 2). What is the greatest common factor of z and p?
6
Suppose -57*n = -19*n - 181640. What is the greatest common divisor of n and 80?
20
Suppose -5*j + 835 = 5*s, 2*j = 8*s - 4*s + 298. What is the greatest common divisor of j and 46?
23
Let l(t) = -3*t**3 + 26*t**2 + 324*t + 50. Let m be l(-8). What is the greatest common divisor of 893 and m?
47
Suppose 21*j = 748 - 5368. Let s = 246 + j. Calculate the greatest common factor of 143 and s.
13
Let h(w) = w**3 + 12*w**2 + w - 1. Let j be h(-5). Let a(o) = -6815*o - 13617. Let s be a(-2). Calculate the greatest common divisor of s and j.
13
Suppose 13566 = -9*t + 47*t. What is the greatest common divisor of 833 and t?
119
Let i = 8 + -80. Let k = 74 + i. Suppose k*v = -3*b + 206, 3*b - 212 = v - 18. What is the greatest common factor of 6 and b?
6
Suppose 0 = 9*l + 24 + 39. Let j be -2 - (-1 - 3) - (l - 0). Let t be (50/(-15) + 0)/((-1)/j). What is the highest common divisor of t and 20?
10
Suppose 3*v = -0 - 15, 4*u = -5*v + 119. Let h = -33 + 36. Suppose 12 = 3*d - h*q, 24*q - 28*q + 29 = d. Calculate the greatest common divisor of d and u.
9
Let b(u) = 4*u**3 + 96*u**2 - 31*u + 33. Let i be b(-24). What is the greatest common divisor of 555 and i?
111
Suppose 2*a + 2*d + 284 = 0, 2*a + 3*d + 132 = a. Let n = a + 197. What is the greatest common factor of 75 and n?
25
Suppose -367 = -3*s - 4*n - 103, 0 = 3*s - 3*n - 285. Suppose 0 = 3*u + 6*u - 207. What is the highest common factor of u and s?
23
Suppose -3*u = 9*o - 6*o - 180, 4*o + 12 = 0. Let y(n) = 2*n**2 - 2*n - 7. Let w be y(-3). Let j = w + -10. What is the highest common divisor of u and j?
7
Let i = -256 + 1491. Calculate the greatest common divisor of i and 380.
95
Let p be (2 - 1)*(-16)/(-1). Let v = 14276 - 14244. Calculate the greatest common factor of v and p.
16
Suppose -12*p + 2410 + 1433 + 117 = 0. Calculate the highest common factor of p and 390.
30
Let l(s) = -4*s - 39. Suppose -4*m + 4*o + 21 = 89, -3*o - 61 = 4*m. Let p be l(m). Calculate the highest common divisor of p and 225.
25
Let r be (33/(-5))/((-2)/10). Let o(i) = -45*i**3 - 223*i**2 - 450*i - 5. Let w be o(-2). What is the greatest common factor of r and w?
33
Let f = 9089 + -6781. Calculate the greatest common divisor of 4 and f.
4
Let q = 8210 + -8178. What is the greatest common factor of q and 12832?
32
Let p(c) = -7*c + 135. Let k = -72 - -84. Let f be p(k). Calculate the highest common factor of f and 6.
3
Suppose 0 = 7*y - 12*y + 1320. Suppose -t = -5*i + 209 + 85, 5*i = -t - y. Let h = t - -396. What is the highest common factor of h and 13?
13
Suppose 83*m - 4*x - 21485 = 78*m, 4*m = 2*x + 17182. Calculate the greatest common divisor of 106 and m.
53
Let y be (-35)/(-3) - (-2)/(-3). Suppose 158 = 2*c - 4*j, 0 = -c - 4*j + y + 38. Suppose -59 = -4*z + 125. Calculate the greatest common factor of c and z.
23
Suppose 5*a - 4*r = -3403, 6*a = 2*a - 4*r - 2744. Let b = 739 + a. What is the highest common factor of b and 77?
7
Suppose -3*c + 44 = 2*m - 49, 2*m = 5*c - 123. What is the greatest common factor of c and 468?
9
Let s(k) = -25*k**3 + 5*k**2 + 7*k + 2. Let t be s(-2). Let g(q) = q**3 - 37*q**2 + 27*q - 739. Let p be g(37). What is the highest common factor of p and t?
52
Suppose -6474 = -4*m + 3*r, -5*r - 7733 = -5*m + 357. Suppose 24*n - m = 15*n. Calculate the highest common divisor of 20 and n.
20
Let n = 52 - 46. Suppose 5*c + 50 = -5*o, -2*o = -3*c + n - 41. Let b(k) = -3*k - 32. Let a be b(c). Calculate the highest common factor of 9 and a.
1
Suppose -204 = -51*o + 4896. Calculate the highest common divisor of 800 and o.
100
Let f(q) = 43*q - 80. Let m be f(13). Let z = -434 + m. What is the greatest common divisor of 27 and z?
9
Let f(s) = 3*s**2 - 54*s + 767. Let z be f(18). Calculate the highest common divisor of 59 and z.
59
Let g = -36 - -38. Suppose 4*y - 154 = -2*u, -g*y = -5*u + 70 - 117. Calculate the greatest common factor of 84 and y.
12
Suppose 7*y - 2733 - 459 = 0. Calculate the greatest common divisor of y and 532.
76
Suppose -270*v = -1067026 - 29984. What is the highest common divisor of 2151 and v?
239
Let g(l) = 17*l - 62. Let o be g(4). Let n be (o + 1*12/(-8))*108. What is the highest common factor of 54 and n?
54
Suppose 0 = -13*y - 26 + 65. Suppose y*r + w = 10, 2*r - 2*w - 3 = 1. What is the greatest common divisor of 51 and r?
3
Suppose 4*z - 2*z - 3*p - 14721 = 0, -3*z - 3*p = -22059. What is the highest common factor of 12 and z?
12
Suppose 3*d = -26 - 10. Let y be 1*((-3)/4)/(d/368). Calculate the highest common divisor of 23 and y.
23
Let d(l) = 14*l + 157. Let g be d(-5). What is the grea